osite?
True
Let d(k) = 8*k**2 + 3*k + 8. Suppose 0 = -u + 6 + 2. Suppose -6*c + 31 = -3*c - 4*o, -2*o - u = 0. Is d(c) prime?
True
Let h = -4 + -4. Let p be 9 + 3 + h + 220. Let n = 515 - p. Is n composite?
True
Let q(v) be the third derivative of -v**6/120 + 47*v**5/60 - v**4/2 + 43*v**3/2 + 42*v**2. Is q(46) composite?
False
Suppose 0*s - 4*s + 4 = 4*v, 5 = 2*v + 3*s. Let c be v/(-1) - 4/(-4). Suppose 2*l + 5*d - 637 = 0, 15 = c*d + 2*d. Is l a prime number?
True
Suppose 12*t - 7*t = -d + 402894, 5*d - 402890 = -5*t. Is t a prime number?
False
Suppose 0 = -35*g + 4*g + 124. Let s(j) = 71*j**2 - 21. Is s(g) a prime number?
False
Let z = 150 + -101. Let h = z - -59. Is h*3 - (8 - 7) a prime number?
False
Suppose 3*u + 19 = -5*d, 2*u + 3*d + 12 = -0*u. Let y be (u/(-2))/((-5)/(-30)). Suppose y*l - 1660 = 5*l. Is l a prime number?
False
Suppose 5*h = -5*u - 120110, 2*u + 3*h = -61755 + 13712. Let a = u + 34450. Is a composite?
False
Suppose -16*b + 19*b = x - 383813, 4*b + 1535236 = 4*x. Is x prime?
True
Suppose -v = -3*x - 4554 - 1363, -x - 4*v = 1955. Let o = x + 3442. Is o a composite number?
False
Let i(w) = -w**3 + 10*w**2 - 8*w - 11. Let c = -24 + 26. Suppose c*q - 24 = -q. Is i(q) composite?
False
Is (-12)/20 + (-7635062)/(-145) a composite number?
True
Suppose -39*f + 49*f - 240 = 0. Suppose 35615 = -f*a + 29*a + 2*x, 5*x = 0. Is a prime?
False
Let h be 1788/8*(-28)/21. Let r = h + 817. Is r a composite number?
True
Let v(s) = -23*s**2 + 8*s - 4. Let x be v(1). Let t(k) be the second derivative of k**4/12 - 5*k**3/6 + 37*k**2/2 - 4*k. Is t(x) a composite number?
True
Let o(p) = -11*p - 71. Let g be o(-8). Suppose -g*m + 15588 + 46411 = 0. Is m composite?
True
Let i(a) be the third derivative of -13*a**6/120 + a**5/60 - 13*a**4/24 - 10*a**3/3 - 71*a**2. Is i(-6) a prime number?
False
Let t(n) = -5177*n - 3580. Is t(-9) a composite number?
False
Suppose -4*a + 316112 = -2*x, -40*x - 237117 = -3*a - 44*x. Is a composite?
False
Suppose 8*g = -2*g + 30. Suppose -g*n + 101 = 2*p - 715, 394 = p - 2*n. Suppose -d + p = -157. Is d a composite number?
True
Suppose -36 - 26 = -2*z. Suppose 68814 = z*i - 173513. Is i prime?
True
Let n be (3/4)/(7/(-28)). Is (-35)/10 + n/(-6) + 8150 prime?
True
Let l(f) = 2162*f - 14. Let b(r) = 2163*r - 14. Let k(j) = -3*b(j) + 4*l(j). Is k(5) a composite number?
False
Let t be (-87)/(-58)*4/2. Suppose -a + b - 28740 = -t*a, -4*a + 3*b + 57460 = 0. Let y = -8861 + a. Is y composite?
False
Let n(h) = 5840*h**2 - 79*h. Is n(7) a composite number?
True
Let v(p) = -4322*p - 1345. Is v(-28) composite?
False
Suppose 4*a - 4*b = 119860, 42*a + 29977 = 43*a + 3*b. Suppose -t - a = -5*j + 19734, -4*j - t + 39767 = 0. Is j composite?
False
Let r = -14 + 95. Suppose -12 = -4*v + 5*p - 16, 3*v = 4*p - 4. Suppose 0*u + r = 3*u + 3*q, u = -v*q + 42. Is u a composite number?
True
Let l(k) = 108567*k**3 + 3*k**2 - 12*k + 12. Let n be l(2). Suppose -n = -20*f + 69244. Is f a prime number?
True
Suppose 0 = -2*p - w + 379065, -21*w - 5 = -16*w. Is p prime?
False
Let m(a) = 11*a + 15*a - 27*a - 1. Let u be m(3). Is (-2)/(u/(-4782))*(-6)/18 prime?
True
Suppose 4*q - 13084 = -5*i, 2*q - i - 4998 = 1544. Is q composite?
False
Let o(j) = -7*j**3 - 13*j**2 - 9*j - 58. Let p be o(-9). Suppose -p = -3*f - 5*d, -3*d = f - 187 - 1176. Is f a prime number?
False
Suppose -7 - 3 = -5*s. Suppose -3*x + 1202 = s*p - 471, 3*x - 1672 = -p. Is x prime?
True
Suppose 0 = -5*b - o + 51834 + 13471, -4*b + 5*o = -52244. Is b composite?
True
Suppose -16*h = 16*h + 1920. Is 47218/12 - (1 + 70/h) composite?
True
Suppose 4*i - 82 = 6*i. Let s be (i/2)/((-15)/(-30)). Is 2*s/4*(-7 - 3) composite?
True
Suppose -22*q + 96050 + 640466 = 0. Suppose -4*u + q = -22958. Is u prime?
False
Suppose 5*o + 14 = -2*v, 4*o - v + 7 - 1 = 0. Let r(n) = -1. Let w(h) = -169*h - 5. Let a(m) = -4*r(m) + w(m). Is a(o) prime?
True
Suppose 2*v = 4*b + 54, 2*b = -b - 5*v - 21. Let w be (b/10)/((-10)/225). Suppose -w*o - 634 = -29*o. Is o a composite number?
False
Let o(u) = 5 - 115*u - 27 - 65. Is o(-14) a prime number?
True
Suppose 7381 - 66490 = 3*o. Let v = 40444 + o. Is v prime?
False
Suppose z - 30*m - 33559 = -32*m, m + 33556 = z. Is z composite?
True
Let c = -1274163 + 1969334. Is c prime?
True
Suppose -3 + 0 = 3*h, -4*d + h + 337 = 0. Suppose -5*g - 2*g = -d. Suppose g = -4*v, 375 = 4*n - 3*n + 2*v. Is n a prime number?
False
Suppose i - 240 = -50. Suppose -2*u = 5*w - 4*u - i, 0 = -4*w + 3*u + 152. Let o = w + 549. Is o a composite number?
False
Let i(c) = 12*c**2 - 10*c + 13. Let g be i(7). Let k = g + 584. Suppose -8*t + o + k = -3*t, -3*t - o + 669 = 0. Is t composite?
False
Let t be -5 - 1/(-2)*3866. Let x = t + 119. Is x a prime number?
False
Is (-6)/(-1) + 536138 + (8 + -7 - 4) prime?
True
Let v = 3627 + -6769. Let p = -1373 - v. Is p composite?
True
Let f = 122093 - 72370. Suppose 22*r - 3*r = f. Is r composite?
False
Let s(w) = -w**3 + 4*w**2 + 7*w - 1. Let m(v) = v. Let c(x) = -3*m(x) + s(x). Let z be c(5). Is (1636/(-3))/(z/9) prime?
False
Let i = -676 + 679. Suppose -2099 = -4*h + i*h. Is h a prime number?
True
Is (-98179)/(-13 + 8 + 4) a composite number?
False
Is (22/(132/(-9)))/((-3)/184942 - 0) a composite number?
True
Suppose -2*z + 5*z = -6, 2*j = 2*z + 14. Let o = j - 1. Suppose o*u = 6634 + 5098. Is u a prime number?
False
Let f be ((-4)/(-5))/((-10)/(-4825)). Let p = 1636 - f. Suppose 5*u - p = -65. Is u prime?
False
Let q(m) = m**3 + 11*m**2 + 11*m + 12. Let f be q(-10). Let z(k) = -87*k - f + 33 - 13 - 4. Is z(-5) composite?
False
Let c(a) = 6*a + 30. Let g be c(-9). Is ((-45535)/(-140))/((-2)/g) composite?
True
Let d(q) = 84*q - 52. Let n be d(-2). Is 153481/4 + 1 - (-55)/n a prime number?
True
Let t = 33260 + -4617. Is t a prime number?
True
Let g(y) = 4*y**3 - 4*y**2 + 3*y + 1. Let p be g(1). Is (p/(-10))/((-19)/5605) composite?
True
Let n = 118 + 43. Suppose -5*g - 5*o = -2545, -3*g + n + 1381 = -2*o. Let t = 167 + g. Is t a prime number?
False
Is 60/(-165) - 30069999/(-99) composite?
True
Suppose 4*w = -563 + 567. Is -5 - (7 + -7) - (-2483 - w) composite?
True
Let j = 57 + -66. Let n(m) = -65*m + 37. Let l be n(j). Suppose -5*d = 2*i - 895, -4*d + 94 + l = 4*i. Is d prime?
True
Suppose 3*u = -4*q + 250297, 3*u - 250296 = -11*q + 8*q. Is u a prime number?
True
Let u(c) = 1558*c - 1345. Is u(33) a prime number?
True
Let r = 55 - 94. Let g = r + 47. Suppose 10*k - g*k - 718 = 0. Is k prime?
True
Let k be 10/25 + (-24113)/(-5). Suppose 3*g - 5 = -5*m, 0 = -g - m - 3 + 4. Suppose -12*f + k + 9805 = g. Is f composite?
True
Suppose -5*r + 5*w = -r - 3, -w = 3*r + 12. Let m be -2 + -753 + r + -1. Let l = -488 - m. Is l prime?
True
Let t = -218179 - -321948. Is t a composite number?
False
Let y = 376 - 237. Suppose 5*h = -y + 189. Is h a prime number?
False
Let n = 1203 - 208. Is ((-58)/8)/(n/332 + -3) composite?
True
Let c = 11432 + -6149. Let l be ((-355)/2)/(3/60). Let t = c + l. Is t composite?
False
Let w(x) = -x**3 - x**2 + 3*x - 3. Let q be w(-3). Suppose q*z + 69 = 165. Let p = 75 + z. Is p prime?
False
Suppose 36*h - 6284712 = -10*h - 1263674. Is h a prime number?
False
Let r(n) = -4*n**3 + 51*n**2 + 228*n - 61. Is r(-36) prime?
True
Suppose -206*z + 219*z - 36647 = 0. Is z a composite number?
False
Let a(h) = 121*h - 159. Let c(v) = v**2 + 20*v - 36. Let z be c(-22). Is a(z) composite?
False
Let j(l) = -37*l + 7. Let s(z) = 18*z - 4. Let x(y) = 3*j(y) + 5*s(y). Let a = -27 + 21. Is x(a) a composite number?
False
Suppose -22 = -6*l + 8. Suppose 140 = l*a + 2*t - 66, 0 = -4*a + t + 157. Suppose 35*h = a*h - 255. Is h composite?
True
Let r(n) = 6*n**2 - 171*n - 2228. Is r(-95) a prime number?
False
Let s(d) = 2*d**2 + 85*d - 2268. Let q be s(43). Suppose -u - 1 = -5*i + 8, -2*i = -6. Suppose 9*c + u*c = q. Is c a prime number?
False
Suppose 8*t - 288 = -28*t. Let z(k) be the third derivative of 15*k**4/8 - 5*k**3/6 + k**2. Is z(t) composite?
True
Suppose -6111 = 23*v - 600781 - 496887. Is v a prime number?
True
Let k(l) = -11 - 7 - l**2 - 19*l + 2*l**2 + 23. Is k(-9) prime?
True
Let w(d) be the third derivative of 41*d**4/24 + 47*d**3/3 - 6*d**2 - 3. Is w(25) prime?
False
Let d(k) = -k**3 + 27*k**2 - k + 28. Let y be d(27). Let b be (y + 0)*-73*-61